nd 40.
2
What is the greatest common factor of 2856 and 136?
136
Calculate the highest common factor of 14 and 98.
14
What is the greatest common factor of 52 and 120?
4
Calculate the greatest common divisor of 68 and 6001.
17
Calculate the greatest common divisor of 753 and 3.
3
Calculate the highest common factor of 18 and 1206.
18
What is the highest common factor of 18852 and 24?
12
Calculate the greatest common divisor of 30 and 105.
15
Calculate the greatest common divisor of 527 and 3503.
31
What is the highest common factor of 3961 and 17?
17
What is the greatest common divisor of 495 and 66?
33
Calculate the highest common divisor of 530 and 10.
10
What is the highest common divisor of 420 and 340?
20
What is the greatest common divisor of 114 and 20406?
114
What is the greatest common divisor of 24 and 60?
12
What is the greatest common divisor of 144 and 656?
16
What is the highest common factor of 208 and 143?
13
What is the greatest common divisor of 88 and 824?
8
What is the highest common factor of 40 and 20?
20
Calculate the highest common factor of 6154 and 289.
17
Calculate the highest common divisor of 928 and 256.
32
Calculate the greatest common factor of 946 and 43.
43
Calculate the highest common divisor of 5754 and 137.
137
Calculate the greatest common factor of 8702 and 38.
38
Calculate the greatest common factor of 14784 and 231.
231
What is the highest common divisor of 88 and 22?
22
Calculate the highest common divisor of 7426 and 188.
94
What is the greatest common divisor of 416 and 4264?
104
What is the highest common divisor of 62 and 1984?
62
Calculate the greatest common factor of 7 and 35.
7
What is the highest common factor of 16023 and 147?
147
Calculate the highest common divisor of 1905 and 45.
15
What is the highest common factor of 17 and 51?
17
Calculate the greatest common factor of 2 and 94.
2
Calculate the highest common divisor of 3325 and 361.
19
Calculate the greatest common divisor of 66 and 2046.
66
Calculate the greatest common divisor of 708 and 48.
12
Calculate the highest common factor of 854 and 28.
14
What is the highest common divisor of 159 and 1908?
159
What is the highest common divisor of 9805 and 185?
185
Calculate the highest common divisor of 3438 and 18.
18
What is the greatest common factor of 145 and 58?
29
Calculate the greatest common divisor of 2212 and 896.
28
What is the greatest common factor of 153 and 18972?
153
What is the greatest common divisor of 7404 and 12?
12
Calculate the highest common divisor of 6096 and 144.
48
Calculate the highest common divisor of 333 and 37.
37
Calculate the greatest common divisor of 1025 and 41.
41
Calculate the highest common factor of 920 and 80.
40
What is the greatest common divisor of 169 and 299?
13
What is the greatest common divisor of 90 and 140?
10
What is the highest common factor of 10040 and 160?
40
What is the greatest common divisor of 340 and 884?
68
Calculate the highest common divisor of 1060 and 80.
20
Calculate the greatest common divisor of 742 and 70.
14
Calculate the greatest common factor of 1981 and 28.
7
Calculate the greatest common factor of 15 and 480.
15
Calculate the greatest common divisor of 408 and 1608.
24
Calculate the greatest common factor of 56 and 1288.
56
Calculate the highest common factor of 21 and 168.
21
What is the greatest common divisor of 736 and 160?
32
What is the greatest common factor of 65 and 520?
65
Calculate the highest common factor of 1032 and 645.
129
Calculate the greatest common divisor of 30 and 72.
6
Calculate the highest common factor of 8 and 7.
1
Calculate the greatest common factor of 183 and 3.
3
Calculate the greatest common divisor of 822 and 6.
6
Calculate the highest common factor of 488 and 8.
8
What is the greatest common divisor of 11187 and 99?
99
Calculate the greatest common divisor of 10 and 3125.
5
What is the highest common factor of 486 and 432?
54
Calculate the greatest common divisor of 272 and 986.
34
What is the greatest common factor of 651 and 777?
21
What is the greatest common factor of 2656 and 48?
16
What is the highest common factor of 3 and 567?
3
What is the greatest common factor of 2305 and 5?
5
Calculate the highest common divisor of 616 and 294.
14
Calculate the highest common divisor of 28 and 1988.
28
Calculate the greatest common divisor of 20656 and 4.
4
Calculate the greatest common divisor of 39 and 273.
39
Calculate the highest common divisor of 45 and 405.
45
Calculate the highest common factor of 146 and 1387.
73
Calculate the highest common divisor of 217 and 28.
7
Calculate the highest common divisor of 72 and 328.
8
Calculate the highest common divisor of 351 and 13.
13
What is the highest common factor of 6723 and 83?
83
Calculate the highest common divisor of 18234 and 18.
18
What is the greatest common factor of 374 and 391?
17
Calculate the highest common divisor of 30 and 14955.
15
What is the highest common divisor of 14 and 602?
14
What is the greatest common factor of 7952 and 112?
112
Calculate the greatest common factor of 4202 and 44.
22
Calculate the greatest common factor of 1475 and 472.
59
Calculate the greatest common factor of 129 and 860.
43
Calculate the greatest common factor of 2522 and 291.
97
What is the highest common divisor of 53 and 106?
53
Calculate the highest common divisor of 44 and 77.
11
Calculate the highest common divisor of 105 and 84.
21
What is the greatest common factor of 120 and 174?
6
What is the greatest common factor of 173 and 1?
1
What is the highest common divisor of 252 and 288?
36
What is the highest common factor of 1085 and 21049?
217
What is the highest common factor of 80 and 535?
5
What is the greatest common divisor of 147 and 30723?
147
Calculate the greatest common divisor of 8658 and 1872.
234
Calculate the highest common divisor of 104 and 169.
13
What is the highest common factor of 15 and 3645?
15
What is the highest common factor of 497 and 923?
71
What is the greatest common factor of 872 and 109?
109
Calculate the highest common divisor of 1782 and 54.
54
Calculate the highest common factor of 177 and 33.
3
What is the greatest common factor of 543 and 15?
3
Calculate the highest common factor of 1261 and 4947.
97
What is the highest common factor of 95 and 1520?
95
What is the highest common divisor of 378 and 9?
9
What is the greatest common divisor of 36 and 972?
36
What is the highest common factor of 1147 and 124?
31
What is the highest common divisor of 392 and 350?
14
What is the highest common divisor of 80 and 10?
10
Calculate the greatest common factor of 108 and 135.
27
What is the highest common factor of 28347 and 33?
33
Calculate the greatest common divisor of 12 and 300.
12
What is the highest common divisor of 5363 and 346?
173
Calculate the greatest common divisor of 29076 and 12.
12
Calculate the highest common factor of 553 and 1817.
79
What is the highest common factor of 225 and 90?
45
Calculate the highest common divisor of 77 and 6490.
11
What is the highest common divisor of 224 and 288?
32
What is the greatest common factor of 100 and 1150?
50
Calculate the highest common divisor of 33 and 429.
33
Calculate the highest common divisor of 689 and 65.
13
What is the greatest common factor of 189 and 2943?
27
Calculate the greatest common factor of 3717 and 126.
63
Calculate the greatest common factor of 2600 and 1800.
200
Calculate the highest common factor of 10553 and 61.
61
What is the greatest common divisor of 476 and 14?
14
Calculate the greatest common divisor of 34 and 31858.
34
Calculate the greatest common divisor of 172 and 36.
4
Calculate the highest common factor of 28 and 2716.
28
Calculate the highest common factor of 74 and 3182.
74
What is the highest common divisor of 64 and 1528?
8
What is the greatest common factor of 23 and 1817?
23
Calculate the highest common divisor of 244 and 184.
4
Calculate the highest common divisor of 1817 and 23.
23
Calculate the greatest common factor of 960 and 36.
12
Calculate the highest common divisor of 39 and 78.
39
What is the highest common factor of 366 and 7137?
183
Calculate the highest common divisor of 325 and 39.
13
What is the greatest common divisor of 88 and 66?
22
Calcula